ppose o + 2*b = -0*o + 49, -j*o - 4*b + 188 = 0. Is o a multiple of 16?
False
Let n(b) = 16*b. Suppose -3*k = 4*q - 0*q - 18, k = 2. Let l be (-20)/(-4) - q - -1. Is n(l) a multiple of 23?
False
Let a(p) = -2*p**2 - 39*p + 15. Let x be a(-18). Let n = 272 - x. Is n a multiple of 29?
True
Let x(q) = q. Let d(o) = -12*o - 3. Let h(n) = -d(n) - 6*x(n). Let c be h(-2). Is (-12)/(-8)*(-12)/c even?
True
Let r(y) = y + 5. Let f be r(0). Let x = f - 0. Suppose 34 = x*v - 36. Is v a multiple of 6?
False
Let l(d) be the first derivative of 3*d**4/2 + d**3/3 + d**2/2 + d + 29. Is 7 a factor of l(2)?
False
Let p be 3/12 + 75/20. Suppose -65 - 127 = -p*f. Suppose -2*h - 3*h = -20, -2*h = -2*i + f. Is i a multiple of 13?
False
Suppose -2*g + 21090 = 13*g. Is g a multiple of 74?
True
Is 16 a factor of (-4)/14 - (-3150)/49?
True
Suppose -3*i + 76 = 5*j, 3*j + 154 + 18 = 5*i. Let u be (-4)/i - (-99)/24. Does 15 divide 1 + 10 + (u - 0)?
True
Let u(i) = i**2 - 7*i - 22. Let b be u(13). Suppose 31*f = 33*f - b. Does 14 divide f?
True
Let t = 106 - -267. Suppose 3*q - 509 - t = 0. Suppose 0*f + d + q = 4*f, -368 = -5*f + d. Is 20 a factor of f?
False
Does 46 divide (3018/(-8))/((-34)/136)?
False
Suppose -4078 = -5*w - 838. Is w a multiple of 9?
True
Suppose -41 = -5*l - 3*i, 2*i = -i + 6. Suppose 5*m - 32 = -d, 0 = -4*d + l*d + m - 166. Does 22 divide d?
False
Let n = -4 + 188. Is 10 a factor of n?
False
Suppose 5*m = 2*p - 6*p + 76, 2*m = 5*p - 62. Does 14 divide p?
True
Let k = -803 + 1271. Is 18 a factor of k?
True
Let u(p) be the second derivative of -p**4/12 - p**3 - p**2 + 19*p. Suppose -2*v - 12 = v. Is u(v) a multiple of 6?
True
Let n(r) = 3*r**3 - 3*r**2 - 20*r - 3. Does 31 divide n(7)?
False
Suppose 0*j - 6 = -2*j. Let t(b) = 3*b - 3 + 9*b - j*b + 13*b**2 - 5*b. Does 19 divide t(2)?
True
Let a = -3984 + 6027. Is a a multiple of 30?
False
Suppose -5*b + x + 21 = 0, -2*x = 3*b - 7*x - 17. Suppose -2*p = -b*p + 12. Does 16 divide 4*p + (0 - -2)?
False
Let w = -3 - -1. Is 3 + w/(-2) + -2 a multiple of 2?
True
Suppose 13*k + 56 = 173. Let j(b) = b**3 - 5*b**2 + b + 2. Let w be j(5). Suppose -w*x + k = -4*x. Does 3 divide x?
True
Suppose 5*t = -4*f + 136 + 180, -12 = -3*f. Is t a multiple of 10?
True
Let h be 56/(-4)*(-18)/21. Let u(y) = 2*y + 1. Let b be u(h). Let m = b - 20. Does 5 divide m?
True
Let n be (-4)/14*35/(-5). Suppose 0 = z + n + 1, k - 12 = 4*z. Suppose 12 = g - 2*b - 23, k = -2*g - b + 45. Is 22 a factor of g?
False
Suppose 0 = -0*k - 7*k - 42. Is (9/3)/((-1)/k) a multiple of 11?
False
Suppose -5*f + 3*u = -468 - 721, -3*f + 719 = u. Is 24 a factor of f?
False
Is 2 a factor of (290/3)/2 + (-6)/(-9)?
False
Suppose 0*q + 4*q - 27 = 5*h, 4*q - 28 = 4*h. Is q a multiple of 2?
True
Let s = -18 + 42. Suppose -25 = -z + s. Does 23 divide z?
False
Suppose 5*a - 6*a = 0. Suppose a = -7*x + 2*x - 885. Let t = -75 - x. Does 30 divide t?
False
Suppose w = -4*g + 66, 15*w + 76 = 5*g + 13*w. Does 3 divide g?
False
Let o(j) = 38*j**2 - 2*j + 2. Let u be o(2). Suppose -q - 2*z + 14 = -27, 3*q - u = 3*z. Is 4 a factor of q?
False
Let r(n) = -49*n**3 + 6*n**2 + 17*n - 17. Is r(-4) a multiple of 17?
False
Let g = 2286 + 1029. Does 65 divide g?
True
Let p(k) = 5*k + 110. Is 5 a factor of p(10)?
True
Let d(q) = 114*q**2 - 4*q - 13. Is d(-3) a multiple of 139?
False
Let s(m) = m**2 - m. Let h be s(4). Let y = h - 9. Suppose -5*k = -8*k + 2*d + 32, -3*d = y. Is k a multiple of 6?
False
Let x(h) = -2*h**2 - 7*h - 11. Let z be x(-9). Let s be (-2)/(-8) - (-301)/(-4). Let y = s - z. Is y a multiple of 7?
True
Let p(q) = 3*q**2 + 76*q + 21. Let x be p(-25). Let z(g) = 3*g**3 - g**2 + g + 2. Let c be z(2). Is x/(-8)*(c + 0) a multiple of 6?
True
Let c = -20 - -20. Suppose c = -4*w + 58 + 278. Let s = -44 + w. Is s a multiple of 13?
False
Let b(i) = 2*i + 12. Suppose 0 = s - 3*s. Does 10 divide b(s)?
False
Let x be (-8)/(-28) + 76/28. Suppose -x*m + 150 = 2*m. Is 30 a factor of m?
True
Is (9/5 + -1)/((-1)/(-375)) a multiple of 6?
True
Let g = 67 + -48. Suppose 0 = -3*o - 5*i + 65, -o = 2*i - i - g. Is o a multiple of 5?
True
Let i be 162 + -2 + 10/(-5). Let b = 94 - i. Let x = b - -103. Does 10 divide x?
False
Let p = 14 + -14. Suppose -l - 7 = -p*l. Is 18/l*28/(-3) a multiple of 7?
False
Let k = 6132 + -4130. Does 22 divide k?
True
Let q(b) = b**2 + 2*b - 10 - 1 + 6*b. Let j(r) = r**2 + 25*r - 20. Let p be j(-26). Is 15 a factor of q(p)?
False
Let k(x) = -x**2 - 6*x. Let v be k(-5). Let m be (0 + (v - 3))*200. Is (6/5)/(15/m) a multiple of 10?
False
Suppose 3*r + 71 = -4*d, 4*d - 5*d = 4*r + 86. Is (148/2)/2 + r + 17 a multiple of 7?
False
Does 40 divide (-45)/(-12)*-2*(-6952)/110?
False
Suppose k - 5*g = -2 - 5, -3*k = -3*g - 3. Let b = -5 - -18. Let h = b - k. Is h a multiple of 10?
True
Suppose -6*o = -o + 5*m - 25, 5*o - 25 = 4*m. Let f = 12 + 4. Suppose -f - 69 = -o*s. Is 8 a factor of s?
False
Let r(u) = u**3 + 9*u**2 + 13*u + 44. Is 4 a factor of r(-7)?
False
Let p(r) = r**3 - 16*r**2 - 17*r + 17. Let n be p(17). Let v = 122 + n. Does 47 divide v?
False
Let v = -85 - -85. Suppose -7*n + 66 + 39 = v. Is 5 a factor of n?
True
Let z = 128 + -83. Suppose -63 = -3*b - i, 3*b = 5*i - 0 + z. Is b a multiple of 4?
True
Let n(f) = f**3 - 16*f**2 + 21*f - 34. Suppose -2*m + c = -30, -4*m - c - 60 = -8*m. Is 14 a factor of n(m)?
True
Suppose -7*t = -4*t - 4*j - 1001, t - 5*j = 341. Is 48 a factor of t?
False
Let i = -85 + 87. Suppose 2*u = -2*o - 3*u + 272, 4*u = i*o - 272. Does 17 divide o?
True
Let z be (-6)/(-3) + 2 + -5. Let t(h) be the second derivative of -5*h**3/3 + 2*h. Is 10 a factor of t(z)?
True
Suppose 0*d - 5*f = -d + 116, 3*d = -4*f + 329. Suppose -5*p + 5*r + 238 + 157 = 0, 0 = 3*r. Let j = d - p. Is j a multiple of 16?
True
Let k(o) = 13*o**2 - 38*o - 4. Is 28 a factor of k(7)?
False
Suppose 9*w = 4*w + 30. Let y = 41 - 32. Is 12 a factor of (-7 + y)*w*2?
True
Let r = 15 - 9. Let t be (-13 + -1)/((-1)/r). Suppose -f + t = -0*f. Is f a multiple of 25?
False
Let g = -336 + 581. Does 5 divide g?
True
Let m(j) = 2*j**2 - 22*j - 41. Let x be m(18). Let n = 419 - x. Is 52 a factor of n?
True
Suppose 15*f = -556 + 8941. Is 20 a factor of f?
False
Does 15 divide (-8)/84 - (-41756)/84?
False
Let v(q) = 45*q**2 - q - 2. Let t = 52 + -54. Is v(t) a multiple of 36?
True
Let d(i) = 2*i**3 - 7*i**2 - 3*i - 6. Let n be d(6). Suppose 4*c - n = -8*c. Is 2 a factor of c?
False
Let b = -93 + 72. Let x = b - -66. Is x a multiple of 15?
True
Let q be -1 + 1 + 1 + 1. Suppose 2*a - 364 - 136 = -5*x, 200 = 2*x - q*a. Does 20 divide x?
True
Let z = 0 + -16. Does 9 divide ((-6)/8 - -1)*(-832)/z?
False
Let d = -293 - -338. Is 15 a factor of d?
True
Let q be 2/7 - (-108)/63. Suppose 5*t - t - q*k = 190, 0 = -t + 5*k + 70. Suppose v = -2*v + t. Is v a multiple of 14?
False
Let g(y) be the second derivative of 5/6*y**4 + 0 + 4*y + y**3 + 1/20*y**5 - 3*y**2. Is g(-9) a multiple of 7?
True
Suppose 2*o + 6*f - 2*f = 20, -5*o + 3*f - 2 = 0. Suppose -166 = -2*s - 4*a, -7*s = -3*s - o*a - 372. Does 13 divide s?
True
Suppose -9*o + 5*o = -3*b + 82, o + 29 = b. Is b a multiple of 34?
True
Let v(y) = -y - 1. Let u(x) = x**2 + 13*x + 4. Let p(c) = u(c) + 6*v(c). Is 14 a factor of p(-10)?
True
Let b(x) = 2*x**3 + 2*x**2 + 8*x + 164. Does 3 divide b(0)?
False
Suppose 2*c + 30 = c. Does 18 divide ((-84)/5)/(-3 + (-86)/c)?
True
Let i = 2350 + -1255. Is i a multiple of 15?
True
Let c = -1835 + 2495. Does 55 divide c?
True
Let s(r) be the first derivative of r**3/3 + 6*r - 9. Let y = 0 + 0. Is 5 a factor of s(y)?
False
Suppose -3*p = -27*g + 24*g + 246, 4*p - 92 = -g. Is g a multiple of 14?
True
Let a(j) = -j**3 - 6*j**2 + 2*j - 1. Let i be a(-6). Let z = 17 + i. Suppose o - z*x - 16 = -2*o, 10 = 2*x. Is 3 a factor of o?
True
Let q = 34 - 39. Is (-64)/q + (-7)/(-35) a multiple of 2?
False
Let u(q) be the third derivative of -q**6/120 + q**5/60 - q**4/24 + q**3/2 - 5*q**2. Let a be u(0). Let c = 7 - a. Is 3 a factor of c?
False
Suppose 0 = v - 3*v + 5*i - 11, 4*v - 5 = i. Suppose -71 = -3*l - 5*o, 2*l - 33 - 21 = -v*o. Is 13 a factor of l?
False
Suppose i = -3*i + 140. Suppose -3*w + w = -5*h + i, 0 = -4*h - 20. Does 10 divide (40/6)/((-20)/w)?
True
Let t = -981 + 2240. Does 15 divide t?
False
Let t =